ivided by 195?
101
What is the remainder when 249754 is divided by 31204?
122
Calculate the remainder when 31648419 is divided by 530.
529
Calculate the remainder when 45229 is divided by 397.
368
Calculate the remainder when 84609 is divided by 538.
143
What is the remainder when 161596 is divided by 642?
454
Calculate the remainder when 570888 is divided by 827.
258
Calculate the remainder when 2396038 is divided by 205.
203
Calculate the remainder when 22330926 is divided by 75.
51
Calculate the remainder when 1430786 is divided by 986.
100
Calculate the remainder when 1978206 is divided by 10693.
1
Calculate the remainder when 293463 is divided by 3623.
0
What is the remainder when 134421 is divided by 462?
441
Calculate the remainder when 2921990 is divided by 1948.
1938
Calculate the remainder when 28351437 is divided by 507.
504
What is the remainder when 6562887 is divided by 937553?
16
Calculate the remainder when 2817170 is divided by 3951.
107
What is the remainder when 5668295 is divided by 6?
5
Calculate the remainder when 777610 is divided by 1173.
1084
What is the remainder when 20798448 is divided by 1626?
282
Calculate the remainder when 976797 is divided by 325586.
39
Calculate the remainder when 107907 is divided by 1479.
1419
Calculate the remainder when 195962 is divided by 607.
508
Calculate the remainder when 322022 is divided by 160951.
120
What is the remainder when 356818 is divided by 1043?
112
Calculate the remainder when 89403 is divided by 1695.
1263
Calculate the remainder when 524041 is divided by 351.
349
What is the remainder when 216041 is divided by 214037?
2004
What is the remainder when 405665 is divided by 12677?
1
Calculate the remainder when 44264904 is divided by 12427.
12357
Calculate the remainder when 20437353 is divided by 1773.
1755
What is the remainder when 143497050 is divided by 1739?
1726
Calculate the remainder when 1327491 is divided by 85.
46
Calculate the remainder when 569042 is divided by 94678.
974
Calculate the remainder when 90592087 is divided by 781.
773
What is the remainder when 26574854 is divided by 43?
37
Calculate the remainder when 19519 is divided by 18777.
742
Calculate the remainder when 72275860 is divided by 21041.
25
Calculate the remainder when 14140238 is divided by 5.
3
What is the remainder when 21561621 is divided by 1074?
1071
Calculate the remainder when 3470034 is divided by 77.
29
Calculate the remainder when 2560189 is divided by 853375.
64
Calculate the remainder when 12317 is divided by 2064.
1997
What is the remainder when 1588646844 is divided by 734?
732
What is the remainder when 23885720 is divided by 11942844?
32
Calculate the remainder when 1606041 is divided by 535327.
60
What is the remainder when 72932 is divided by 3033?
140
Calculate the remainder when 9991 is divided by 1647.
109
Calculate the remainder when 1714434 is divided by 283.
20
Calculate the remainder when 12342275 is divided by 12342256.
19
What is the remainder when 1727945 is divided by 465?
5
Calculate the remainder when 9288203 is divided by 1639.
1629
What is the remainder when 140898 is divided by 140382?
516
Calculate the remainder when 1079427 is divided by 3684.
15
What is the remainder when 1662350 is divided by 613?
507
Calculate the remainder when 329471 is divided by 47064.
23
Calculate the remainder when 39863677 is divided by 904.
893
What is the remainder when 226708 is divided by 88?
20
Calculate the remainder when 837730 is divided by 13147.
9469
Calculate the remainder when 1947440 is divided by 1947233.
207
Calculate the remainder when 59990634 is divided by 6207.
6186
Calculate the remainder when 469925 is divided by 93908.
385
Calculate the remainder when 41007551 is divided by 2476.
39
What is the remainder when 28215 is divided by 4450?
1515
Calculate the remainder when 206164 is divided by 68647.
223
Calculate the remainder when 592335 is divided by 2134.
1217
What is the remainder when 242444 is divided by 8057?
734
What is the remainder when 3537510 is divided by 51?
48
What is the remainder when 696626 is divided by 5853?
119
What is the remainder when 383002 is divided by 191239?
524
What is the remainder when 3658878 is divided by 406542?
0
What is the remainder when 734630 is divided by 477?
50
Calculate the remainder when 12731111 is divided by 2546202.
101
Calculate the remainder when 8989558 is divided by 61572.
46
What is the remainder when 15301322 is divided by 137849?
83
Calculate the remainder when 47964 is divided by 11838.
612
What is the remainder when 30199560 is divided by 752?
744
Calculate the remainder when 2461057 is divided by 3614.
3537
What is the remainder when 715999 is divided by 65?
24
What is the remainder when 12889 is divided by 11564?
1325
Calculate the remainder when 5180449 is divided by 167111.
8
Calculate the remainder when 13071153 is divided by 26.
17
What is the remainder when 4788432 is divided by 2601?
2592
Calculate the remainder when 6106073 is divided by 480.
473
Calculate the remainder when 5020256 is divided by 109136.
0
Calculate the remainder when 5378714 is divided by 319.
55
Calculate the remainder when 53263 is divided by 3584.
3087
What is the remainder when 1711 is divided by 196?
143
Calculate the remainder when 1166795 is divided by 1311.
5
Calculate the remainder when 169451 is divided by 528.
491
What is the remainder when 58625 is divided by 47226?
11399
Calculate the remainder when 3789500 is divided by 1894729.
42
Calculate the remainder when 87153 is divided by 342.
285
What is the remainder when 22027 is divided by 1324?
843
What is the remainder when 9732 is divided by 1680?
1332
Calculate the remainder when 5654890 is divided by 322.
248
Calculate the remainder when 1257216 is divided by 628601.
14
What is the remainder when 1300422 is divided by 1916?
1374
Calculate the remainder when 94360 is divided by 3494.
22
What is the remainder when 1527707 is divided by 33949?
2
Calculate the remainder when 31693041 is divided by 161.
30
Calculate the remainder when 226133 is divided by 596.
249
Calculate the remainder when 1498416 is divided by 191.
21
What is the remainder when 36661 is divided by 132?
97
What is the remainder when 77332359 is divided by 623648?
7
Calculate the remainder when 860934 is divided by 514.
498
Calculate the remainder when 267257 is divided by 3072.
3065
Calculate the remainder when 971731 is divided by 485073.
1585
Calculate the remainder when 94996102 is divided by 1821.
1816
What is the remainder when 296139 is divided by 66?
63
What is the remainder when 20224 is divided by 7245?
5734
Calculate the remainder when 376969 is divided by 125643.
40
Calculate the remainder when 4008678 is divided by 131.
78
Calculate the remainder when 299469 is divided by 1143.
3
What is the remainder when 194681 is divided by 2340?
461
What is the remainder when 32632816 is divided by 190835?
31
What is the remainder when 1152149 is divided by 1151903?
246
What is the remainder when 13065121 is divided by 424?
409
What is the remainder when 184199327 is divided by 692?
691
Calculate the remainder when 18931 is divided by 4428.
1219
What is the remainder when 17778277 is divided by 130?
127
Calculate the remainder when 93288338 is divided by 20.
18
What is the remainder when 64610650 is divided by 12?
10
Calculate the remainder when 25466 is divided by 12176.
1114
Calculate the remainder when 26513898 is divided by 1546.
1544
Calculate the remainder when 29172022 is divided by 32.
22
Calculate the remainder when 230245 is divided by 242.
103
Calculate the remainder when 66512553 is divided by 54.
51
Calculate the remainder when 53027 is divided by 8837.
5
What is the remainder when 14640 is divided by 4305?
1725
Calculate the remainder when 7372532 is divided by 61.
11
Calculate the remainder when 113097 is divided by 456.
9
What is the remainder when 49017 is divided by 7974?
1173
Calculate the remainder when 4247084 is divided by 223529.
33
What is the remainder when 2354629 is divided by 588481?
705
What is the remainder when 188493589 is divided by 3597?
3595
Calculate the remainder when 2864411 is divided by 2811.
2
Calculate the remainder when 394337 is divided by 3617.
84
What 